1*d - 87. What are the prime factors of f(y)?
2, 3, 13
Let r = -1062 - -556. Let z = r + 789. List the prime factors of z.
283
Let u = 539 - 168. Let l = 1261 - u. What are the prime factors of l?
2, 5, 89
Let c(y) = 2*y + 10. Let f be c(-3). Suppose 3*n = 5*p - 5, -3*n + n = -f*p + 4. Suppose -5*i + n*i = -2*m - 390, 5*m + 156 = 2*i. List the prime factors of i.
2, 3, 13
Let x(w) = 20*w**3 + 13*w**2 - 16*w + 59. What are the prime factors of x(8)?
11003
Let d(l) = 6*l**2 - 7*l + 10. Let r be d(4). Let q be 9464/r - 2/6. Suppose -2*s + 369 = -3*m, 4*m = -s + q + 36. What are the prime factors of s?
3, 59
Let k(f) be the third derivative of 0 + 18*f**2 + 1/30*f**5 + 97/6*f**3 + 0*f + 1/12*f**4. List the prime factors of k(0).
97
What are the prime factors of 5790 - (-10 + 11 + -19)?
2, 3, 11
Suppose 52*i = 54*i - 14. Suppose 1293 = i*d - 1696. What are the prime factors of d?
7, 61
Let d be (2/(-5))/((-3)/45). Let g(k) = -k**3 - 2*k - 52. Let c be g(-4). List the prime factors of c/d*(-36)/(-8).
3, 5
What are the prime factors of (19 - 1) + 22131 + 275?
2, 2803
Let h = -38036 + 315326. List the prime factors of h/315 + 4/(-14).
2, 5, 11
Suppose 3*f = -4*d - f + 3196, 3*d + 2*f - 2397 = 0. Suppose 541 = 3*n - 4*y, -4*n + y = -d + 69. List the prime factors of n.
3, 61
Suppose i + 0 + 3 = -u, 9 = -5*i - 3*u. Suppose -3*g - 2468 = -4*q, 5*g + i*q = -q - 4144. List the prime factors of 5/(-2)*g/45 - -3.
7
Suppose -18 = -3*b - 0. What are the prime factors of 4/b + 30001/57?
17, 31
Let q(l) = 671*l**2 + 2*l - 11. List the prime factors of q(1).
2, 331
Let s(y) = -17*y**2 + 4*y + 6311. List the prime factors of s(0).
6311
Suppose 0 = -50*t + 12*t - 38*t + 848768. List the prime factors of t.
2, 349
Suppose 0 = -3*s + 2*s + 3. Let o be 2/(12/s)*-2. List the prime factors of (0 - -1) + (1 - o) + 11.
2, 7
Let g(z) = -2331*z - 5896. What are the prime factors of g(-8)?
2, 797
List the prime factors of ((-4)/(-6))/(-2 + (-47492)/(-23745)).
5, 1583
Suppose 31423 = 12*g - 187088 - 96813. List the prime factors of g.
3, 19, 461
Suppose 16*h + 15 = 47. Suppose -h*i + 3*u = -3*i + 678, -5*i + 3350 = 5*u. What are the prime factors of i?
2, 3, 37
Let j = -41 - -166. Suppose 15*p + j = 20*p. Let i = p + 78. List the prime factors of i.
103
Suppose -903770 = -128*n + 222246. List the prime factors of n.
19, 463
Suppose -14*b + l = -16*b + 100974, 454366 = 9*b - 4*l. List the prime factors of b.
2, 25243
Suppose 0 = -5*g - 3*b + 23310, -9518 - 9128 = -4*g - 2*b. List the prime factors of g.
3, 1553
Let q = 23075 - 14693. List the prime factors of q.
2, 3, 11, 127
Suppose -251 - 169 = -5*y. Let i = 92 - y. Let d(v) = 2*v**2 - 2*v - 20. What are the prime factors of d(i)?
2, 23
Suppose -5*d + 6 = 26, -4*d = 2*y - 12606. List the prime factors of y.
6311
Let a(l) = -5*l + 23. Suppose -20*c + 42 = -17*c. Suppose -n - u = c, 0 = -2*n + u - 0*u - 16. What are the prime factors of a(n)?
73
Let a be (6/5)/((-18)/(-225)). Let w be (-94)/(-6) + (-10)/a. What are the prime factors of (-20)/6*(-288)/w?
2
Let b = -145 + 249. Let s = 122 + b. List the prime factors of s.
2, 113
Let h be 2 + -1 - (-6 + (9 - 8)). Suppose -3270 - 738 = -h*q. What are the prime factors of q?
2, 167
Let r(y) = y**2 + 19*y + 23. Let b be r(-18). Suppose b*k + 5*h = 1475, 198 + 106 = k - 2*h. List the prime factors of k.
2, 149
Let h be 35/2 + (-18)/12. Suppose 6*p = -h*p + 18062. What are the prime factors of p?
821
List the prime factors of 2536 + (-8 - (12 - 9)).
5, 101
Let d(v) = 9*v + 45. Let f(w) = -5*w - 23. Let m(u) = -2*d(u) - 5*f(u). Let b be m(-3). Suppose -10*a = -b*a - 1272. What are the prime factors of a?
2, 53
Let r(c) = -21*c - 57. Let n be r(-9). Suppose -d = -36 - n. List the prime factors of d.
2, 3, 7
Let z(g) = g + 24. Suppose 0 = -4*n + 20, -5*p + 3*p - 3*n = 11. Let w be z(p). Suppose -3*j + 15 = 4*u - w, -4*j = 5*u - 35. List the prime factors of j.
2, 5
List the prime factors of 21*(-3)/6*(-24404)/7.
2, 3, 6101
Suppose 210*v - 2546944 = 3990016 + 93790. What are the prime factors of v?
3, 5, 421
Let s = -594 - -813. List the prime factors of s.
3, 73
Let c(o) = -161*o**3 - 11*o**2 - 4*o + 2. Let v be c(-3). Suppose 3698 = 8*s - v. List the prime factors of s.
5, 199
Suppose -k - d + 11395 = 0, -4*d = 421*k - 419*k - 22780. What are the prime factors of k?
2, 3, 5, 19
Let k = 1472 - 1069. What are the prime factors of k?
13, 31
Let r be (-4)/5 - ((-2582)/(-10) + -2). Let g = r - -1267. What are the prime factors of g?
2, 5, 101
Let k(r) = 34*r + 60. Let z(p) = 17*p + 30. Let s = -18 + 20. Let q(u) = s*k(u) - 5*z(u). List the prime factors of q(-7).
89
Let g(x) = -2*x + 18. Let c be g(7). Suppose -c*s = -6*s + 1118. Suppose 197 = 9*k - s. What are the prime factors of k?
2, 3, 7
Let i(b) = 25*b**2 - 6*b - 174. What are the prime factors of i(-9)?
3, 5, 127
List the prime factors of 78411/19 - (-194)/1843.
4127
List the prime factors of (((-5)/(-3))/5)/(3 - 386080/128694).
89, 241
What are the prime factors of 4312 + -5 - (9 + 3 + -19)?
2, 3, 719
Let y = -24 + -23. Let r = y - -33. Let l = r - -172. What are the prime factors of l?
2, 79
Suppose -3*k - b + 88161 = -5*b, 2*b = 5*k - 146963. What are the prime factors of k?
5, 5879
Suppose -21*n + 25*n - 36 = 0. Let t be n + -5 - (0 - 0). Suppose -6*d = -t*d - 182. List the prime factors of d.
7, 13
Let z(q) = 788*q**2 + 19*q - 38. What are the prime factors of z(2)?
2, 197
Suppose 4*h - 15*h = 158*h - 1069770. What are the prime factors of h?
2, 3, 5, 211
Let z = -27014 + 47091. List the prime factors of z.
17, 1181
Suppose -30*w = -5*h - 32*w + 50086, 0 = -2*h - 3*w + 20041. List the prime factors of h.
2, 313
Let s = 39 + 250. Let n = s + 74. List the prime factors of n.
3, 11
Let u be (345/92 + (-9)/6)*4. Let o(i) = -7*i**2 - 9*i + i**3 + 2*i**2 + 10 - 3*i**2. What are the prime factors of o(u)?
2, 5
Suppose 17*s - 10*s - 21 = 0. Suppose -4*z + 4547 = 3*y - 0*y, -4*y = -s*z + 3429. What are the prime factors of (21/(-18))/(-7) + z/6?
2, 5, 19
Let h(u) = 484*u - 840. What are the prime factors of h(17)?
2, 1847
Let y(z) = -2*z**2 - 8*z - 39. Let x(o) be the first derivative of -o**3/3 - 2*o**2 - 20*o + 7. Let d(l) = 7*x(l) - 4*y(l). What are the prime factors of d(-8)?
2, 3
Suppose -11*g = -19*g + 30*g - 216414. List the prime factors of g.
3, 1093
Let h = 75 - 36. Let t = -3 + h. What are the prime factors of (t/54)/(4/774)?
3, 43
Suppose -4*n - 54 = -606. What are the prime factors of n?
2, 3, 23
Let z = 6010 + -5587. What are the prime factors of z?
3, 47
Suppose -2880 = -10*g + 6*g. Suppose -x - g = -7*x. Suppose 237 = 7*l - x. What are the prime factors of l?
3, 17
Suppose -125*b = -157*b + 239936. What are the prime factors of b?
2, 23, 163
Let u = 48 - 46. Suppose 0 = 5*j + 4*z - 11, -z = u*z + 3. Suppose -j*r + 495 = 2*r - 5*m, 9 = -3*m. List the prime factors of r.
2, 3
Let m(v) = -4*v**2 + 9*v - 84. Let y(s) = s**2 - 2*s - 1. Let x(k) = -m(k) - 3*y(k). What are the prime factors of x(17)?
5, 13
Let m(v) = -19*v**3 - 54*v**2 + 131*v - 264. Let t(n) = 7*n**3 + 18*n**2 - 44*n + 88. Let b(i) = 4*m(i) + 11*t(i). What are the prime factors of b(16)?
2, 5
Suppose 3*f - 5*a = f - 4, 4*f + 3*a = 18. Let h(x) = 5*x**3 - 5*x**2 - 4*x. Let b be h(f). Let j = -23 + b. List the prime factors of j.
5, 11
Let w = -153 - -104. Let b be (20/5)/8 - (-1175)/(-10). Let i = w - b. List the prime factors of i.
2, 17
Let n = 114 - 116. Let q = 2 - n. What are the prime factors of (6/1)/(q*4/720)?
2, 3, 5
Suppose 3*w - w = f, 5*f = 4*w. Suppose w = 3*h - 3*d + 6*d, 2*h + 3*d + 3 = 0. Suppose -7*b + 320 = -h*b. What are the prime factors of b?
2, 5
Let t = -139 + 141. Suppose j - t*k - 327 = 0, -5*j - 3*k + 412 = -1275. What are the prime factors of j?
5, 67
Suppose 9*u = -3*i - 1800 + 10005, 4*i = -3*u + 2732. What are the prime factors of u?
2, 3, 19
Let x = 10853 + -5667. What are the prime factors of x?
2, 2593
Let r be (-2 - 42)/(1 - 2). Let x = r - 44. Suppose x = 4*q - 4, -4*q = 5*h - 46 - 208. What are the prime factors of h?
2, 5
Suppose 4*b - 4*h = 67944, 2*h - 2380 = -5*b + 82494. List the prime factors of b.
2, 13, 653
Let l = -4089 + 14330. What are the prime factors of l?
7, 11, 19
Let r be ((-13)/(-2))/(-1)*(150 + -128). Le